c**3 - c - 27. Let g(k) = -2*k**2 - 16*k - 14. Let d be g(-7). What is w(d)?
-27
Let z(r) = 19*r**2 + 2 + 10*r + 17*r**2 - 35*r**2. What is z(-9)?
-7
Let w(m) = -m**2 - 8*m - 7. Let g be (-16)/(-12)*(-4 - -1) + -2. What is w(g)?
5
Let r(o) be the second derivative of o**4/12 - o**3/6 - 5*o**2 - 93*o. Let q(t) = t**2 + 6*t. Let a be q(-6). Give r(a).
-10
Let o(y) = 2 - 2*y**2 + 3*y**2 + 2*y**3 - 3. Suppose 3*a + 1 = -2. Calculate o(a).
-2
Let l(s) = -s**3 - 10*s**2 - 11*s - 12. Let u be l(-9). Let n = 4 - u. Let g(j) = -2 - j + 3*j - 6*j. Give g(n).
6
Let i(n) = -n + 4. Let z be i(7). Let y be 1/z*(-30)/(-5). Let j(u) = u**3 + 2*u**2 - 2*u - 3. What is j(y)?
1
Let u(a) = 3*a**2 + 4*a + 3. Suppose -n = 4*y - 23, 0*n + n - 2*y + 7 = 0. Suppose x - n + 9 = 0. Let g = -8 - x. What is u(g)?
7
Let b(u) = u**2 + 9*u + 7. Suppose 3*m + 6 = -5*g + 2*m, -4*m - 9 = 5*g. Let w be -2 + g + 0 + -2. Determine b(w).
-13
Let t(o) = -o - 8. Let g(z) = 2*z + 6. Let v be g(0). Let c be (v/9)/((-4)/30). Determine t(c).
-3
Let k(d) = -d**3 + 5*d**2 - d - 1. Suppose 3*z + 10 = 2*z - 5*t, 2*z - 5*t = 25. Let p = 3 + -1. Suppose 2 = z*s - 3*s - p*g, 0 = s - 5*g + 15. Determine k(s).
-6
Suppose 0 = -2*f + f. Let x(j) be the third derivative of 0 + 3/2*j**3 - 1/60*j**5 + 3*j**2 + 0*j + 0*j**4. What is x(f)?
9
Let w be (-10)/(-25) - (-13)/5. Let d(z) = -1 + 5*z - z**2 - w*z + 4*z. Let p(n) = -n**2 + 6*n + 5. Let x be p(6). Determine d(x).
4
Let q be 1*(-1 + 0 + 5). Suppose 0 = q*u - 8. Let p(j) = j**2 - j + 2. Give p(u).
4
Let n(j) = 3*j + 5. Let y(v) = -v - 9. Let p be y(-3). Determine n(p).
-13
Suppose 10 = 2*l + 2. Let z(y) = l - 5*y + 5*y - y. Let k(j) = j**2 + 2*j + 1. Let n be k(-1). Calculate z(n).
4
Suppose -6 = -3*h + 2*y, 2*h + 0 + 9 = -3*y. Let l(w) be the third derivative of -1/6*w**3 + h - w**2 + 1/6*w**4 + 0*w + 1/60*w**5. What is l(-5)?
4
Let w(t) = 6*t**2 + t. Let i be w(1). Let h(s) = -s**3 - 5*s**2 - 4. Let v be h(-5). Let y = v + i. Let x(z) = z - 5. Calculate x(y).
-2
Let i(k) = -2*k**2 - 4*k - 4. Let o be 240/(-64) + (21/12 - 2). Calculate i(o).
-20
Let z(p) = 3*p + 4. Let g be z(-4). Let l be g*(-2 + (-3)/(-2)). Let w(r) = 7*r - 17. Let i(d) = -3*d + 8. Let h(n) = 5*i(n) + 2*w(n). Determine h(l).
2
Let w(x) = -5*x**2 + 4*x - 3. Let n(z) = 6*z**2 - 4*z + 3. Let i(p) = 2*n(p) + 3*w(p). What is i(2)?
-7
Let r(g) be the second derivative of -g**5/20 + g**3/6 + g. Let s be (0 - 1) + 5/1. Suppose -s*b + 5*b - 4 = -4*k, k = -4*b - 14. Give r(k).
-6
Let b be 1 + (-3 + 0)/(-3). Let y(o) = 2*o**2 + 3 - 4*o + 2*o**b + 0*o**3 - o**3. Calculate y(2).
3
Let o(h) = -4*h**2 + 3*h**2 + 4*h + 3 + 2*h**2. Let j be o(-4). Let z be j/(-1)*(1 - 2). Let u(g) = -2*g**2 + 3*g + 2. What is u(z)?
-7
Let i(n) = 6*n**2 - 3*n + 2. Let d(q) = 5*q**2 - 3*q + 1. Let p(v) = 7*d(v) - 6*i(v). Let f be (-3)/(-1)*(-4)/3. What is p(f)?
-9
Let k(g) be the second derivative of -g**4/12 - g**2/2 + 2*g. Let j be 4/((-16)/(-20)) - 1. Suppose x = -x + j. What is k(x)?
-5
Let y(b) = 5*b + 5. Let w(k) = 11*k + 11. Let m(d) = -6*w(d) + 13*y(d). What is m(5)?
-6
Let p(t) = -t**2 + 7*t - 7. Suppose 1 = 3*f - 8. Let o(j) = -4 - 2 + f*j + 2. Let z be o(3). What is p(z)?
3
Let f = -1 + -1. Let a be (-6)/4 - f/(-4). Let r(g) = -g - 1. Let n(q) = 3*q + 4. Let o(h) = a*n(h) - 9*r(h). Give o(2).
7
Let o(k) = -k**3 + 5*k**2 - 2*k - 1. Let b(n) = -n + 2. Let h be b(-1). What is o(h)?
11
Let g be 2/7 - (-19)/7. Let j = 0 + g. Let w(r) = r**2 - 3*r + 2. What is w(j)?
2
Let n(t) = t**2 - 3*t - 10. Let h be n(5). Let m(c) = c + 7. Determine m(h).
7
Let z(k) = -3*k + 5. Suppose 0 = -2*c - s + 6, 0 = -5*s - 3 - 7. Give z(c).
-7
Suppose -2 - 2 = -4*v. Let l(h) = h**3 - 2*h**2 + 1. Determine l(v).
0
Let b(i) = -i**3 - 6*i**2 + i + 1. Let f be b(-6). Let t(q) = q**3 + 6*q**2 + 7*q + 2. Determine t(f).
-8
Let c(b) be the first derivative of -b**2/2 + 6*b - 53. What is c(8)?
-2
Let r(x) be the second derivative of x**5/20 + 5*x**4/12 - 4*x**3/3 - 4*x**2 - 16*x. What is r(-6)?
4
Let r(b) = -4 + 0*b + 4*b - 20*b + 10*b + 4*b. Let m = 11 + -16. Give r(m).
6
Let v(s) = 2*s - 1. Let b(i) = -i**3 + 5*i**2 - 3*i + 1. Let l be b(4). Suppose 6 - l = -c. Give v(c).
-3
Let a(d) = 9*d**2 + d. Let c(h) = -h - 11. Let b(s) = 1. Let z(j) = -6*b(j) - c(j). Let q be z(-4). Determine a(q).
10
Let h = -70 - -65. Let n(l) = l. Let f(i) = 3*i - 5. Let r(q) = -f(q) + 5*n(q). What is r(h)?
-5
Let h(d) = d**2 - 6*d - 7. Suppose 28*g + 7 = 29*g. What is h(g)?
0
Suppose -2 = 3*q - 0*q + 4*a, -q - 5*a + 3 = 0. Let n(v) = -1. Let s(h) = h. Let f(x) = n(x) - 3*s(x). Determine f(q).
5
Let o(r) be the second derivative of -5*r**4/12 + r. Let d = 3 + -3. Suppose 0 = -p + 2*i - d + 3, -3*p = -5*i - 7. Calculate o(p).
-5
Let r(g) = -6 + g - g + 3*g. Suppose -2*s - 2*a + 20 = 0, -s + 4*s - 4*a + 5 = 0. Give r(s).
9
Let f(n) = -n**2 - n - 5. Let w(l) = -l - 6. Let q be w(-5). Let d = 3 - 4. Let k = d - q. Calculate f(k).
-5
Let i(l) = -l**3 - 6*l**2 + 11*l + 9. Let p be (4 + (-19)/3)*3/1. What is i(p)?
-19
Let z(s) = -s**3 - 13*s**2 + 2*s + 20. Let y be z(-13). Let j(c) = c**2 + 7*c - 7. Give j(y).
-13
Let l(z) = 3*z + 1. Let v be l(1). Let x = 0 + v. Suppose 0 = -x*w + 3*p + 9, 4*w + p - 13 = -0*p. Let b(r) = -r**2 + 2*r + 2. Give b(w).
-1
Suppose -x - 1 = 4*d - 12, 1 = 2*d + 5*x. Suppose -6*s = 3*q - d*s, 4*q = -s. Let r(h) = -h**2 - h + 7. What is r(q)?
7
Suppose -21 = -4*p + p. Suppose -2*g + p*g = -5. Let q(f) = 1 + 0 - f + 7*f. Calculate q(g).
-5
Let r(w) = -w**2 - 7*w. Let b = -13 + 13. Suppose -3*y - 15 = -b*y. What is r(y)?
10
Let s(a) = -a**3 + 3*a**2 + 7 + a**2 + 4*a - 9. Determine s(5).
-7
Let k(l) = 13*l**3 - 11*l**2 - 5*l - 4. Let p(z) = -3*z**3 + 3*z**2 + z + 1. Let j(f) = 2*k(f) + 9*p(f). Calculate j(5).
-4
Let w(g) = g**3 + 7*g**2 + 5*g - 4. Let k be w(-6). Let b be 11/k + 2/4. Suppose v = 3*v + b. Let d(z) = -z**3 - 2*z**2 + 3*z + 3. Determine d(v).
3
Let p(g) = g**3 + 5*g**2. Let o be (-3 - -1)/2 + 2. Let b(r) = o - r - 1. Let d be b(5). Calculate p(d).
0
Let h(f) = -f + 2. Suppose 3*n = 2*n - 1. Let z = n + -1. Let v(d) = -4*d + 6. Let b(s) = z*v(s) + 7*h(s). Determine b(3).
5
Let y(a) be the second derivative of a**5/20 - 5*a**4/12 - a**3/2 + 3*a**2 + 19*a. Calculate y(4).
-22
Let f(q) = 5*q + q - 15*q + 5*q. Calculate f(-1).
4
Let g(a) = a**2 - a + 1. Let w(f) = -f**2 + f - 5. Let v(z) = -2*g(z) - w(z). What is v(0)?
3
Let x(m) = m**2 + 5*m + 8. Suppose 2*u = 5*o - 27, -3*o = -4*u + 2*o - 39. What is x(u)?
14
Let h(p) be the first derivative of p**3 - p**2/2 - 3. Determine h(-1).
4
Let h(a) = a**2 + a - 3. Suppose v - 25 + 9 = 0. Let d = -19 + v. Determine h(d).
3
Let o(s) = -6*s - 3. Let t(m) = m**2 + m + 1. Let d(h) = -o(h) - t(h). Let q be ((-82)/(-41))/(2/3). Calculate d(q).
8
Let u(x) = 0*x**2 + 2 - x**2 - 17*x - 12 + 7*x. Give u(-7).
11
Let q(j) = -j + 9. Let f be q(9). Let m(h) = h**3 - h - 8. What is m(f)?
-8
Let h(l) = -2 - 7 + l - 2. Let k = 11 - 7. Suppose 5*t + 2 + 2 = k*m, 4*t - 34 = -3*m. What is h(m)?
-5
Let k(v) = -2*v**2 + 7*v - 6. Let i(l) = l**2 - 6*l + 5. Let x(z) = 5*i(z) + 4*k(z). Calculate x(2).
-15
Let w(j) = j + 9. Let m(v) = -v**3 - 12*v**2 - 4. Suppose -8*r - 24 = -6*r. Let h be m(r). Determine w(h).
5
Let k(d) be the second derivative of -3*d + 0 + 5/2*d**2 - 1/6*d**3. Determine k(0).
5
Let a(v) = v**2 - 3*v - 3. Let d be a(4). Let h(j) = -j**2 - j + 1. Let p(g) = 4*g**2 - 9 - 3*g + 22*g - 8*g. Let l(k) = d*p(k) + 5*h(k). What is l(5)?
1
Let d(x) = 1. Let l be (-6)/6*(-1)/(-1). Let s(f) = 3*f - 6. Let w(p) = l*s(p) - 5*d(p). Let c be (-4)/6 - (-1)/(-3). Give w(c).
4
Suppose q + 8 = 3*q. Let l(a) = -4*a - 2*a - q + 7*a + 5. Give l(1).
2
Let s(o) = -3*o + 6*o - o**2 + 0*o + 4 + 1. Determine s(5).
-5
Let y(q) = -3*q**2 + q + 1. Let o(x) = x**3 + x + 1. Let c(a) = -o(a) - y(a). What is c(3)?
-8
Suppose -4*l + 0*l + 16 = 3*a, a - 7 = -3*l. Let r(f) = -f**3 - f. Determine r(l).
-2
Let b(r) = -14*r**3 - 2*r**2 + 4*r + 5. Let j(q) = -27*q**3 - 4*q**2 + 7*q + 9. Let n(c) = -11*b(c) + 6*j(c). What is n(-1)?
7
Let a(y) = -y**2 + 6*y - 5. Let p be a(4). Let s(d) = 7 - 5 - p + d. What is s(-6)?
-7
Let j(a) be the second derivative of 4*a**3/3 + a. Suppose 4 = -8*n - 4. Determine j(n).
-8
Let v(g) = g. Let n(z) = 